{"id":15,"date":"2023-07-06T06:18:35","date_gmt":"2023-07-06T04:18:35","guid":{"rendered":"https:\/\/planet-ott.org\/?page_id=15"},"modified":"2026-01-16T01:00:41","modified_gmt":"2026-01-16T00:00:41","slug":"contacts","status":"publish","type":"page","link":"https:\/\/planet-ott.org\/index.php\/contacts\/","title":{"rendered":"Contacts"},"content":{"rendered":"\n<div class=\"wp-block-stackable-image alignfull stk-block-image stk-block stk-846a688\" data-block-id=\"846a688\"><style>.stk-846a688 .stk-img-wrapper{width:100% !important;height:210px !important;}<\/style><figure><span class=\"stk-img-wrapper stk-image--shape-stretch\"><img fetchpriority=\"high\" decoding=\"async\" class=\"stk-img wp-image-286\" src=\"https:\/\/planet-ott.org\/wp-content\/uploads\/2023\/07\/1579465953.png\" width=\"1024\" height=\"302\" srcset=\"https:\/\/planet-ott.org\/wp-content\/uploads\/2023\/07\/1579465953.png 1024w, https:\/\/planet-ott.org\/wp-content\/uploads\/2023\/07\/1579465953-300x88.png 300w, https:\/\/planet-ott.org\/wp-content\/uploads\/2023\/07\/1579465953-768x227.png 768w\" sizes=\"(max-width: 1024px) 100vw, 1024px\" \/><\/span><\/figure><\/div>\n\n\n\n<h5 class=\"wp-block-heading has-text-align-center\"><strong><span style=\"color: #ff0000;\">Horaires :<\/span>&nbsp;7 jours \/ 7 jours, de 8h00 \u00e0 20h00.<\/strong><\/h5>\n\n\n\n<h5 class=\"wp-block-heading has-text-align-center\"><strong><span style=\"color: #ff0000;\">NB :<\/span>&nbsp;Nous vous r\u00e9pondrons par email \u00e0 l\u2019adresse indiqu\u00e9e dans le formulaire de contact donc assurez-vous qu\u2019elle soit correcte. Pensez \u00e0 v\u00e9rifier vos courriers ind\u00e9sirables (Spams).<\/strong><\/h5>\n\n\n\n<h2 class=\"wp-block-heading has-text-align-center\"><strong>Les Cha\u00eene <span style=\"color: var(--theme-palette-color-3, #ff1a1a);\" class=\"stk-highlight\">DAZN LIGUE 1<\/span> sont <span style=\"color: var(--theme-palette-color-3, #ff1a1a);\" class=\"stk-highlight\">Disponible<\/span> sur Tout Nos Serveurs <\/strong><\/h2>\n\n\n\n<h4 class=\"wp-block-heading has-text-align-center\"><strong>Verifier l&rsquo;\u00e9tat des Serveurs Via <\/strong><a href=\"https:\/\/planet-ott.org\/index.php\/status-des-serveurs\/\"><span style=\"color: var(--theme-palette-color-3, #ff1a1a);\" class=\"stk-highlight\">CE LIEN<\/span><\/a><\/h4>\n\n\n\n<hr class=\"wp-block-separator has-alpha-channel-opacity is-style-wide\"\/>\n\n\n<p><iframe src=\"https:\/\/docs.google.com\/forms\/d\/e\/1FAIpQLSd-RVS4Q_7L8Sn-Rlqqf3nRDDRNc2BqCk6_8GnIKqjeUyJ9RQ\/viewform?embedded=true\" width=\"1500\" height=\"687\" frameborder=\"0\" marginheight=\"0\" marginwidth=\"0\">Chargement\u2026<\/iframe><\/p>\n\n\n\n<p><strong>Note :<\/strong>&nbsp;Veuillez remplir les champs marqu\u00e9s d&rsquo;un&nbsp;<span style=\"color: var(--theme-palette-color-3, #ff1a1a);\" class=\"stk-highlight\">*<\/span>.<\/p>\n\n\n\n<hr class=\"wp-block-separator has-text-color has-black-color has-alpha-channel-opacity has-black-background-color has-background is-style-wide\" style=\"margin-top:17px;margin-bottom:17px\"\/>\n\n\n\n<p><br><\/p>\n\n\n\n<hr class=\"wp-block-separator has-text-color has-black-color has-alpha-channel-opacity has-black-background-color has-background is-style-wide\" style=\"margin-top:17px;margin-bottom:17px\"\/>\n\n\n\n<figure class=\"wp-block-table is-style-stripes\"><table class=\"has-black-color has-white-background-color has-text-color has-background\"><tbody><tr><td class=\"has-text-align-left\" data-align=\"left\"><strong><span style=\"color: var(--theme-palette-color-3, #ff1a1a);\" class=\"stk-highlight\">Caract\u00e9ristiques<\/span><\/strong><\/td><td class=\"has-text-align-center\" data-align=\"center\"><strong>Maestro<\/strong><\/td><td class=\"has-text-align-center\" data-align=\"center\"><strong>Platinum OTT<\/strong><\/td><td class=\"has-text-align-center\" data-align=\"center\"><strong>VIP<\/strong><\/td><td class=\"has-text-align-center\" data-align=\"center\"><strong>France iptv<\/strong><\/td><td class=\"has-text-align-center\" data-align=\"center\"><strong>THE PRIVATE<\/strong><\/td><\/tr><tr><td class=\"has-text-align-left\" data-align=\"left\"><strong>Nombre de Chaines<\/strong><\/td><td class=\"has-text-align-center\" data-align=\"center\">8273<\/td><td class=\"has-text-align-center\" data-align=\"center\">8189<\/td><td class=\"has-text-align-center\" data-align=\"center\">4644<\/td><td class=\"has-text-align-center\" data-align=\"center\">1437<\/td><td class=\"has-text-align-center\" data-align=\"center\"><strong><span style=\"color: var(--theme-palette-color-2, #1559ed);\" class=\"stk-highlight\">+ 8000<\/span><\/strong><\/td><\/tr><tr><td class=\"has-text-align-left\" data-align=\"left\"><strong>Nombre de Films<\/strong><\/td><td class=\"has-text-align-center\" data-align=\"center\"><strong>13831<\/strong><\/td><td class=\"has-text-align-center\" data-align=\"center\"><strong><strong>25670<\/strong><\/strong><\/td><td class=\"has-text-align-center\" data-align=\"center\"><strong>36249<\/strong><\/td><td class=\"has-text-align-center\" data-align=\"center\"><strong><span style=\"color: var(--theme-palette-color-3, #ff1a1a);\" class=\"stk-highlight\">23674<\/span><\/strong><\/td><td class=\"has-text-align-center\" data-align=\"center\"><strong><span style=\"color: var(--theme-palette-color-2, #1559ed);\" class=\"stk-highlight\">+ 50000<\/span><\/strong><\/td><\/tr><tr><td class=\"has-text-align-left\" data-align=\"left\"><strong>Nombre de S\u00e9ries<\/strong><\/td><td class=\"has-text-align-center\" data-align=\"center\">2097<\/td><td class=\"has-text-align-center\" data-align=\"center\"><strong><strong>8341<\/strong><\/strong><\/td><td class=\"has-text-align-center\" data-align=\"center\"><strong>8963<\/strong><\/td><td class=\"has-text-align-center\" data-align=\"center\"><strong><span style=\"color: var(--theme-palette-color-3, #ff1a1a);\" class=\"stk-highlight\">8950<\/span><\/strong><\/td><td class=\"has-text-align-center\" data-align=\"center\"><strong><span style=\"color: var(--theme-palette-color-2, #1559ed);\" class=\"stk-highlight\">+ 12000<\/span><\/strong><\/td><\/tr><tr><td class=\"has-text-align-left\" data-align=\"left\"><strong>cha\u00eenes Adultes (en option)<\/strong><\/td><td class=\"has-text-align-center\" data-align=\"center\">0<\/td><td class=\"has-text-align-center\" data-align=\"center\">140<\/td><td class=\"has-text-align-center\" data-align=\"center\">85<\/td><td class=\"has-text-align-center\" data-align=\"center\">85<\/td><td class=\"has-text-align-center\" data-align=\"center\">OUI<\/td><\/tr><tr><td class=\"has-text-align-left\" data-align=\"left\"><strong>Films Adultes (en option)<\/strong><\/td><td class=\"has-text-align-center\" data-align=\"center\">0<\/td><td class=\"has-text-align-center\" data-align=\"center\">986<\/td><td class=\"has-text-align-center\" data-align=\"center\">154<\/td><td class=\"has-text-align-center\" data-align=\"center\">154<\/td><td class=\"has-text-align-center\" data-align=\"center\">non<\/td><\/tr><tr><td class=\"has-text-align-left\" data-align=\"left\"><strong>Nombre de Jours Replay<\/strong><\/td><td class=\"has-text-align-center\" data-align=\"center\">3 jours&nbsp;<\/td><td class=\"has-text-align-center\" data-align=\"center\"><strong>6 jours<\/strong><\/td><td class=\"has-text-align-center\" data-align=\"center\"><strong>7 jours<\/strong>&nbsp;<\/td><td class=\"has-text-align-center\" data-align=\"center\">3 jours&nbsp;<\/td><td class=\"has-text-align-center\" data-align=\"center\"><strong>+10&nbsp;JOURS<\/strong><\/td><\/tr><tr><td class=\"has-text-align-left\" data-align=\"left\"><strong>Commander<\/strong><\/td><td class=\"has-text-align-center\" data-align=\"center\"><a href=\"https:\/\/planet-ott.org\/index.php\/abonnement-maestro-iptv\/\">Ici<\/a><\/td><td class=\"has-text-align-center\" data-align=\"center\"><a href=\"https:\/\/planet-ott.org\/index.php\/abonnement-ultimate-iptv\/\">I<\/a><a href=\"https:\/\/planet-ott.org\/index.php\/abonnement-diamont-ott\/\">ci<\/a><\/td><td class=\"has-text-align-center\" data-align=\"center\"><a href=\"https:\/\/planet-ott.org\/index.php\/abonnement-ultimate-iptv\/\">I<\/a><a href=\"https:\/\/planet-ott.org\/index.php\/abonnement-vip-iptv\/\">ci<\/a><\/td><td class=\"has-text-align-center\" data-align=\"center\"><a href=\"https:\/\/planet-ott.org\/index.php\/abonnement-vip-iptv\/\">I<\/a><a href=\"https:\/\/planet-ott.org\/index.php\/abonnement-france-iptv\/\">ci<\/a><\/td><td class=\"has-text-align-center\" data-align=\"center\"><a href=\"https:\/\/planet-ott.org\/index.php\/abonnement-the-private-nouveau\/\">Ici<\/a><\/td><\/tr><tr><td class=\"has-text-align-left\" data-align=\"left\"><strong>Les Remises En Cours<\/strong><\/td><td class=\"has-text-align-center\" data-align=\"center\" colspan=\"6\"><strong>REMISE SUR&nbsp;<span style=\"color: var(--theme-palette-color-2, #1559ed);\" class=\"stk-highlight\"><a href=\"https:\/\/planet-ott.org\/index.php\/abonnement-diamont-ott\/\">LES ABONNEMENT Platnium OTT<\/a><\/span><a href=\"https:\/\/web.archive.org\/web\/20230207155142\/https:\/\/planet-ott.org\/abonnement-ultimate-iptv-2\/\">&nbsp;<\/a>&nbsp;ET&nbsp;<a href=\"https:\/\/planet-ott.org\/index.php\/abonnement-vip-iptv\/\"><span style=\"color: var(--theme-palette-color-2, #1559ed);\" class=\"stk-highlight\">LES ABONNEMENT VIP<\/span><\/a>&nbsp;<\/strong><\/td><\/tr><\/tbody><\/table><figcaption class=\"wp-element-caption\"><font _mstmutation=\"1\"><\/font><\/figcaption><\/figure>\n","protected":false},"excerpt":{"rendered":"<p>Horaires :&nbsp;7 jours \/ 7 jours, de 8h00 \u00e0 20h00. NB :&nbsp;Nous vous r\u00e9pondrons par email \u00e0 l\u2019adresse indiqu\u00e9e dans le formulaire de contact donc assurez-vous qu\u2019elle soit correcte. Pensez \u00e0 v\u00e9rifier vos courriers ind\u00e9sirables (Spams). Les Cha\u00eene DAZN LIGUE 1 sont Disponible sur Tout Nos Serveurs Verifier l&rsquo;\u00e9tat des Serveurs Via CE LIEN Note [&hellip;]<\/p>\n","protected":false},"author":1,"featured_media":0,"parent":0,"menu_order":0,"comment_status":"closed","ping_status":"closed","template":"","meta":{"footnotes":""},"class_list":["post-15","page","type-page","status-publish","hentry"],"blocksy_meta":[],"yoast_head":"<!-- This site is optimized with the Yoast SEO plugin v27.3 - https:\/\/yoast.com\/product\/yoast-seo-wordpress\/ -->\n<title>Contacts - Planet-ott<\/title>\n<meta name=\"robots\" content=\"index, follow, max-snippet:-1, max-image-preview:large, max-video-preview:-1\" \/>\n<link rel=\"canonical\" href=\"https:\/\/planet-ott.org\/index.php\/contacts\/\" \/>\n<meta property=\"og:locale\" content=\"fr_FR\" \/>\n<meta property=\"og:type\" content=\"article\" \/>\n<meta property=\"og:title\" content=\"Contacts - Planet-ott\" \/>\n<meta property=\"og:description\" content=\"Horaires :&nbsp;7 jours \/ 7 jours, de 8h00 \u00e0 20h00. NB :&nbsp;Nous vous r\u00e9pondrons par email \u00e0 l\u2019adresse indiqu\u00e9e dans le formulaire de contact donc assurez-vous qu\u2019elle soit correcte. Pensez \u00e0 v\u00e9rifier vos courriers ind\u00e9sirables (Spams). Les Cha\u00eene DAZN LIGUE 1 sont Disponible sur Tout Nos Serveurs Verifier l&rsquo;\u00e9tat des Serveurs Via CE LIEN Note [&hellip;]\" \/>\n<meta property=\"og:url\" content=\"https:\/\/planet-ott.org\/index.php\/contacts\/\" \/>\n<meta property=\"og:site_name\" content=\"Planet-ott\" \/>\n<meta property=\"article:modified_time\" content=\"2026-01-16T00:00:41+00:00\" \/>\n<meta property=\"og:image\" content=\"https:\/\/planet-ott.org\/wp-content\/uploads\/2023\/07\/1579465953.png\" \/>\n\t<meta property=\"og:image:width\" content=\"1024\" \/>\n\t<meta property=\"og:image:height\" content=\"302\" \/>\n\t<meta property=\"og:image:type\" content=\"image\/png\" \/>\n<meta name=\"twitter:card\" content=\"summary_large_image\" \/>\n<meta name=\"twitter:label1\" content=\"Dur\u00e9e de lecture estim\u00e9e\" \/>\n\t<meta name=\"twitter:data1\" content=\"1 minute\" \/>\n<script type=\"application\/ld+json\" class=\"yoast-schema-graph\">{\"@context\":\"https:\\\/\\\/schema.org\",\"@graph\":[{\"@type\":\"WebPage\",\"@id\":\"https:\\\/\\\/planet-ott.org\\\/index.php\\\/contacts\\\/\",\"url\":\"https:\\\/\\\/planet-ott.org\\\/index.php\\\/contacts\\\/\",\"name\":\"Contacts - Planet-ott\",\"isPartOf\":{\"@id\":\"https:\\\/\\\/planet-ott.org\\\/#website\"},\"primaryImageOfPage\":{\"@id\":\"https:\\\/\\\/planet-ott.org\\\/index.php\\\/contacts\\\/#primaryimage\"},\"image\":{\"@id\":\"https:\\\/\\\/planet-ott.org\\\/index.php\\\/contacts\\\/#primaryimage\"},\"thumbnailUrl\":\"https:\\\/\\\/planet-ott.org\\\/wp-content\\\/uploads\\\/2023\\\/07\\\/1579465953.png\",\"datePublished\":\"2023-07-06T04:18:35+00:00\",\"dateModified\":\"2026-01-16T00:00:41+00:00\",\"breadcrumb\":{\"@id\":\"https:\\\/\\\/planet-ott.org\\\/index.php\\\/contacts\\\/#breadcrumb\"},\"inLanguage\":\"fr-FR\",\"potentialAction\":[{\"@type\":\"ReadAction\",\"target\":[\"https:\\\/\\\/planet-ott.org\\\/index.php\\\/contacts\\\/\"]}]},{\"@type\":\"ImageObject\",\"inLanguage\":\"fr-FR\",\"@id\":\"https:\\\/\\\/planet-ott.org\\\/index.php\\\/contacts\\\/#primaryimage\",\"url\":\"https:\\\/\\\/planet-ott.org\\\/wp-content\\\/uploads\\\/2023\\\/07\\\/1579465953.png\",\"contentUrl\":\"https:\\\/\\\/planet-ott.org\\\/wp-content\\\/uploads\\\/2023\\\/07\\\/1579465953.png\",\"width\":1024,\"height\":302},{\"@type\":\"BreadcrumbList\",\"@id\":\"https:\\\/\\\/planet-ott.org\\\/index.php\\\/contacts\\\/#breadcrumb\",\"itemListElement\":[{\"@type\":\"ListItem\",\"position\":1,\"name\":\"Home\",\"item\":\"https:\\\/\\\/planet-ott.org\\\/\"},{\"@type\":\"ListItem\",\"position\":2,\"name\":\"Contacts\"}]},{\"@type\":\"WebSite\",\"@id\":\"https:\\\/\\\/planet-ott.org\\\/#website\",\"url\":\"https:\\\/\\\/planet-ott.org\\\/\",\"name\":\"Planet-ott\",\"description\":\"Abonnement iptv\",\"publisher\":{\"@id\":\"https:\\\/\\\/planet-ott.org\\\/#organization\"},\"potentialAction\":[{\"@type\":\"SearchAction\",\"target\":{\"@type\":\"EntryPoint\",\"urlTemplate\":\"https:\\\/\\\/planet-ott.org\\\/?s={search_term_string}\"},\"query-input\":{\"@type\":\"PropertyValueSpecification\",\"valueRequired\":true,\"valueName\":\"search_term_string\"}}],\"inLanguage\":\"fr-FR\"},{\"@type\":\"Organization\",\"@id\":\"https:\\\/\\\/planet-ott.org\\\/#organization\",\"name\":\"Planet-ott\",\"url\":\"https:\\\/\\\/planet-ott.org\\\/\",\"logo\":{\"@type\":\"ImageObject\",\"inLanguage\":\"fr-FR\",\"@id\":\"https:\\\/\\\/planet-ott.org\\\/#\\\/schema\\\/logo\\\/image\\\/\",\"url\":\"https:\\\/\\\/planet-ott.org\\\/wp-content\\\/uploads\\\/2023\\\/07\\\/Logo.png\",\"contentUrl\":\"https:\\\/\\\/planet-ott.org\\\/wp-content\\\/uploads\\\/2023\\\/07\\\/Logo.png\",\"width\":114,\"height\":114,\"caption\":\"Planet-ott\"},\"image\":{\"@id\":\"https:\\\/\\\/planet-ott.org\\\/#\\\/schema\\\/logo\\\/image\\\/\"}}]}<\/script>\n<!-- \/ Yoast SEO plugin. -->","yoast_head_json":{"title":"Contacts - Planet-ott","robots":{"index":"index","follow":"follow","max-snippet":"max-snippet:-1","max-image-preview":"max-image-preview:large","max-video-preview":"max-video-preview:-1"},"canonical":"https:\/\/planet-ott.org\/index.php\/contacts\/","og_locale":"fr_FR","og_type":"article","og_title":"Contacts - Planet-ott","og_description":"Horaires :&nbsp;7 jours \/ 7 jours, de 8h00 \u00e0 20h00. NB :&nbsp;Nous vous r\u00e9pondrons par email \u00e0 l\u2019adresse indiqu\u00e9e dans le formulaire de contact donc assurez-vous qu\u2019elle soit correcte. Pensez \u00e0 v\u00e9rifier vos courriers ind\u00e9sirables (Spams). Les Cha\u00eene DAZN LIGUE 1 sont Disponible sur Tout Nos Serveurs Verifier l&rsquo;\u00e9tat des Serveurs Via CE LIEN Note [&hellip;]","og_url":"https:\/\/planet-ott.org\/index.php\/contacts\/","og_site_name":"Planet-ott","article_modified_time":"2026-01-16T00:00:41+00:00","og_image":[{"width":1024,"height":302,"url":"https:\/\/planet-ott.org\/wp-content\/uploads\/2023\/07\/1579465953.png","type":"image\/png"}],"twitter_card":"summary_large_image","twitter_misc":{"Dur\u00e9e de lecture estim\u00e9e":"1 minute"},"schema":{"@context":"https:\/\/schema.org","@graph":[{"@type":"WebPage","@id":"https:\/\/planet-ott.org\/index.php\/contacts\/","url":"https:\/\/planet-ott.org\/index.php\/contacts\/","name":"Contacts - Planet-ott","isPartOf":{"@id":"https:\/\/planet-ott.org\/#website"},"primaryImageOfPage":{"@id":"https:\/\/planet-ott.org\/index.php\/contacts\/#primaryimage"},"image":{"@id":"https:\/\/planet-ott.org\/index.php\/contacts\/#primaryimage"},"thumbnailUrl":"https:\/\/planet-ott.org\/wp-content\/uploads\/2023\/07\/1579465953.png","datePublished":"2023-07-06T04:18:35+00:00","dateModified":"2026-01-16T00:00:41+00:00","breadcrumb":{"@id":"https:\/\/planet-ott.org\/index.php\/contacts\/#breadcrumb"},"inLanguage":"fr-FR","potentialAction":[{"@type":"ReadAction","target":["https:\/\/planet-ott.org\/index.php\/contacts\/"]}]},{"@type":"ImageObject","inLanguage":"fr-FR","@id":"https:\/\/planet-ott.org\/index.php\/contacts\/#primaryimage","url":"https:\/\/planet-ott.org\/wp-content\/uploads\/2023\/07\/1579465953.png","contentUrl":"https:\/\/planet-ott.org\/wp-content\/uploads\/2023\/07\/1579465953.png","width":1024,"height":302},{"@type":"BreadcrumbList","@id":"https:\/\/planet-ott.org\/index.php\/contacts\/#breadcrumb","itemListElement":[{"@type":"ListItem","position":1,"name":"Home","item":"https:\/\/planet-ott.org\/"},{"@type":"ListItem","position":2,"name":"Contacts"}]},{"@type":"WebSite","@id":"https:\/\/planet-ott.org\/#website","url":"https:\/\/planet-ott.org\/","name":"Planet-ott","description":"Abonnement iptv","publisher":{"@id":"https:\/\/planet-ott.org\/#organization"},"potentialAction":[{"@type":"SearchAction","target":{"@type":"EntryPoint","urlTemplate":"https:\/\/planet-ott.org\/?s={search_term_string}"},"query-input":{"@type":"PropertyValueSpecification","valueRequired":true,"valueName":"search_term_string"}}],"inLanguage":"fr-FR"},{"@type":"Organization","@id":"https:\/\/planet-ott.org\/#organization","name":"Planet-ott","url":"https:\/\/planet-ott.org\/","logo":{"@type":"ImageObject","inLanguage":"fr-FR","@id":"https:\/\/planet-ott.org\/#\/schema\/logo\/image\/","url":"https:\/\/planet-ott.org\/wp-content\/uploads\/2023\/07\/Logo.png","contentUrl":"https:\/\/planet-ott.org\/wp-content\/uploads\/2023\/07\/Logo.png","width":114,"height":114,"caption":"Planet-ott"},"image":{"@id":"https:\/\/planet-ott.org\/#\/schema\/logo\/image\/"}}]}},"_links":{"self":[{"href":"https:\/\/planet-ott.org\/index.php\/wp-json\/wp\/v2\/pages\/15","targetHints":{"allow":["GET"]}}],"collection":[{"href":"https:\/\/planet-ott.org\/index.php\/wp-json\/wp\/v2\/pages"}],"about":[{"href":"https:\/\/planet-ott.org\/index.php\/wp-json\/wp\/v2\/types\/page"}],"author":[{"embeddable":true,"href":"https:\/\/planet-ott.org\/index.php\/wp-json\/wp\/v2\/users\/1"}],"replies":[{"embeddable":true,"href":"https:\/\/planet-ott.org\/index.php\/wp-json\/wp\/v2\/comments?post=15"}],"version-history":[{"count":83,"href":"https:\/\/planet-ott.org\/index.php\/wp-json\/wp\/v2\/pages\/15\/revisions"}],"predecessor-version":[{"id":2369,"href":"https:\/\/planet-ott.org\/index.php\/wp-json\/wp\/v2\/pages\/15\/revisions\/2369"}],"wp:attachment":[{"href":"https:\/\/planet-ott.org\/index.php\/wp-json\/wp\/v2\/media?parent=15"}],"curies":[{"name":"wp","href":"https:\/\/api.w.org\/{rel}","templated":true}]}}