{"id":1520,"date":"2023-08-25T06:38:34","date_gmt":"2023-08-25T04:38:34","guid":{"rendered":"https:\/\/planet-ott.org\/?page_id=1520"},"modified":"2023-08-25T06:38:34","modified_gmt":"2023-08-25T04:38:34","slug":"iptv-sur-apple-ios","status":"publish","type":"page","link":"https:\/\/planet-ott.org\/index.php\/iptv-sur-apple-ios\/","title":{"rendered":"IPTV SUR Apple\/IOS"},"content":{"rendered":"\n<div class=\"wp-block-stackable-heading stk-block-heading stk-block-heading--v2 stk-block stk-17585b8\" id=\"strong-span-style-color-var-palette-color-3-ff-1-a-1-a-class-stk-highlight-apple-ios-span-strong\" data-block-id=\"17585b8\"><h2 class=\"stk-block-heading__text has-text-align-center\"><strong><span style=\"color: var(--theme-palette-color-3, #ff1a1a);\" class=\"stk-highlight\">Apple\/IOS<\/span><\/strong><\/h2><\/div>\n\n\n\n<p><strong>\u00c9tape 1<\/strong>&nbsp;Commencez par t\u00e9l\u00e9charger l&rsquo;application IPTV Smarters depuis l&rsquo;Apple Store via cette URL :<br><a href=\"https:\/\/apps.apple.com\/in\/app\/smarters-player-lite\/id1628995509\">https:\/\/apps.apple.com\/in\/app\/smarters-player-lite\/id1628995509<\/a><\/p>\n\n\n\n<p>ou vous pouvez le rechercher sur l&rsquo;App Store<\/p>\n\n\n\n<p>installez l&rsquo;application sur votre appareil IOS.<\/p>\n\n\n\n<p><strong>\u00c9tape 2<\/strong>&nbsp;: Ouvrez l&rsquo;application une fois t\u00e9l\u00e9charg\u00e9e et entrez les d\u00e9tails de connexion.<\/p>\n\n\n\n<figure class=\"wp-block-image aligncenter\"><img decoding=\"async\" src=\"https:\/\/www.tvzland.com\/wp-content\/uploads\/2022\/07\/login-1024x473.png\" alt=\"\" class=\"wp-image-1264\"\/><\/figure>\n\n\n\n<p><strong>\u00c9tape 3<\/strong>&nbsp;Saisissez les donn\u00e9es de connexion que nous vous avons fournies apr\u00e8s avoir souscrit un abonnement aupr\u00e8s de nous.<\/p>\n\n\n\n<p>Cliquez maintenant sur \u00ab\u00a0ADD USER\u00a0\u00bb pour passer \u00e0 la section suivante.<\/p>\n\n\n\n<p><strong>\u00c9tape 4 :<\/strong>&nbsp;Attendez quelques secondes.<\/p>\n\n\n\n<p><strong>\u00c9tape 5 :<\/strong>&nbsp;Cliquez ensuite sur l&rsquo;ic\u00f4ne \u00ab\u00a0Live TV\u00a0\u00bb comme indiqu\u00e9 sur l&rsquo;image par une fl\u00e8che rouge.<\/p>\n\n\n\n<figure class=\"wp-block-image aligncenter\"><img decoding=\"async\" src=\"https:\/\/www.tvzland.com\/wp-content\/uploads\/2022\/07\/Dashboard-1024x473.png\" alt=\"\" class=\"wp-image-1265\"\/><\/figure>\n\n\n\n<p><strong>\u00c9tape 6 :<\/strong>&nbsp;Vous devez maintenant s\u00e9lectionner le groupe de cha\u00eenes que vous souhaitez regarder et passer \u00e0 la section suivante.<\/p>\n\n\n\n<p><strong>\u00c9tape 7 :<\/strong>&nbsp;Vous devez maintenant cliquer sur le nom de la cha\u00eene, puis double-cliquer sur le petit \u00e9cran pour le transformer en plein \u00e9cran.<\/p>\n\n\n\n<p><strong>\u00c9tape 8 :<\/strong>&nbsp;Pour ajouter un EPG, il n&rsquo;est pas n\u00e9cessaire d&rsquo;ajouter une url EPG, il suffit de cliquer sur \u00ab\u00a0Installer EPG\u00a0\u00bb.<\/p>\n\n\n\n<p><strong>Termin\u00e9<\/strong><\/p>\n","protected":false},"excerpt":{"rendered":"<p>Apple\/IOS \u00c9tape 1&nbsp;Commencez par t\u00e9l\u00e9charger l&rsquo;application IPTV Smarters depuis l&rsquo;Apple Store via cette URL :https:\/\/apps.apple.com\/in\/app\/smarters-player-lite\/id1628995509 ou vous pouvez le rechercher sur l&rsquo;App Store installez l&rsquo;application sur votre appareil IOS. \u00c9tape 2&nbsp;: Ouvrez l&rsquo;application une fois t\u00e9l\u00e9charg\u00e9e et entrez les d\u00e9tails de connexion. \u00c9tape 3&nbsp;Saisissez les donn\u00e9es de connexion que nous vous avons fournies apr\u00e8s avoir [&hellip;]<\/p>\n","protected":false},"author":1,"featured_media":0,"parent":0,"menu_order":0,"comment_status":"closed","ping_status":"closed","template":"","meta":{"footnotes":""},"class_list":["post-1520","page","type-page","status-publish","hentry"],"blocksy_meta":[],"yoast_head":"<!-- This site is optimized with the Yoast SEO plugin v27.3 - https:\/\/yoast.com\/product\/yoast-seo-wordpress\/ -->\n<title>IPTV SUR Apple\/IOS - Planet-ott<\/title>\n<meta name=\"robots\" content=\"index, follow, max-snippet:-1, max-image-preview:large, max-video-preview:-1\" \/>\n<link rel=\"canonical\" href=\"https:\/\/planet-ott.org\/index.php\/iptv-sur-apple-ios\/\" \/>\n<meta property=\"og:locale\" content=\"fr_FR\" \/>\n<meta property=\"og:type\" content=\"article\" \/>\n<meta property=\"og:title\" content=\"IPTV SUR Apple\/IOS - Planet-ott\" \/>\n<meta property=\"og:description\" content=\"Apple\/IOS \u00c9tape 1&nbsp;Commencez par t\u00e9l\u00e9charger l&rsquo;application IPTV Smarters depuis l&rsquo;Apple Store via cette URL :https:\/\/apps.apple.com\/in\/app\/smarters-player-lite\/id1628995509 ou vous pouvez le rechercher sur l&rsquo;App Store installez l&rsquo;application sur votre appareil IOS. \u00c9tape 2&nbsp;: Ouvrez l&rsquo;application une fois t\u00e9l\u00e9charg\u00e9e et entrez les d\u00e9tails de connexion. \u00c9tape 3&nbsp;Saisissez les donn\u00e9es de connexion que nous vous avons fournies apr\u00e8s avoir [&hellip;]\" \/>\n<meta property=\"og:url\" content=\"https:\/\/planet-ott.org\/index.php\/iptv-sur-apple-ios\/\" \/>\n<meta property=\"og:site_name\" content=\"Planet-ott\" \/>\n<meta property=\"og:image\" content=\"https:\/\/www.tvzland.com\/wp-content\/uploads\/2022\/07\/login-1024x473.png\" \/>\n<meta name=\"twitter:card\" content=\"summary_large_image\" \/>\n<meta name=\"twitter:label1\" content=\"Dur\u00e9e de lecture estim\u00e9e\" \/>\n\t<meta name=\"twitter:data1\" content=\"2 minutes\" \/>\n<script type=\"application\/ld+json\" class=\"yoast-schema-graph\">{\"@context\":\"https:\\\/\\\/schema.org\",\"@graph\":[{\"@type\":\"WebPage\",\"@id\":\"https:\\\/\\\/planet-ott.org\\\/index.php\\\/iptv-sur-apple-ios\\\/\",\"url\":\"https:\\\/\\\/planet-ott.org\\\/index.php\\\/iptv-sur-apple-ios\\\/\",\"name\":\"IPTV SUR Apple\\\/IOS - Planet-ott\",\"isPartOf\":{\"@id\":\"https:\\\/\\\/planet-ott.org\\\/#website\"},\"primaryImageOfPage\":{\"@id\":\"https:\\\/\\\/planet-ott.org\\\/index.php\\\/iptv-sur-apple-ios\\\/#primaryimage\"},\"image\":{\"@id\":\"https:\\\/\\\/planet-ott.org\\\/index.php\\\/iptv-sur-apple-ios\\\/#primaryimage\"},\"thumbnailUrl\":\"https:\\\/\\\/www.tvzland.com\\\/wp-content\\\/uploads\\\/2022\\\/07\\\/login-1024x473.png\",\"datePublished\":\"2023-08-25T04:38:34+00:00\",\"breadcrumb\":{\"@id\":\"https:\\\/\\\/planet-ott.org\\\/index.php\\\/iptv-sur-apple-ios\\\/#breadcrumb\"},\"inLanguage\":\"fr-FR\",\"potentialAction\":[{\"@type\":\"ReadAction\",\"target\":[\"https:\\\/\\\/planet-ott.org\\\/index.php\\\/iptv-sur-apple-ios\\\/\"]}]},{\"@type\":\"ImageObject\",\"inLanguage\":\"fr-FR\",\"@id\":\"https:\\\/\\\/planet-ott.org\\\/index.php\\\/iptv-sur-apple-ios\\\/#primaryimage\",\"url\":\"https:\\\/\\\/www.tvzland.com\\\/wp-content\\\/uploads\\\/2022\\\/07\\\/login-1024x473.png\",\"contentUrl\":\"https:\\\/\\\/www.tvzland.com\\\/wp-content\\\/uploads\\\/2022\\\/07\\\/login-1024x473.png\"},{\"@type\":\"BreadcrumbList\",\"@id\":\"https:\\\/\\\/planet-ott.org\\\/index.php\\\/iptv-sur-apple-ios\\\/#breadcrumb\",\"itemListElement\":[{\"@type\":\"ListItem\",\"position\":1,\"name\":\"Home\",\"item\":\"https:\\\/\\\/planet-ott.org\\\/\"},{\"@type\":\"ListItem\",\"position\":2,\"name\":\"IPTV SUR Apple\\\/IOS\"}]},{\"@type\":\"WebSite\",\"@id\":\"https:\\\/\\\/planet-ott.org\\\/#website\",\"url\":\"https:\\\/\\\/planet-ott.org\\\/\",\"name\":\"Planet-ott\",\"description\":\"Abonnement iptv\",\"publisher\":{\"@id\":\"https:\\\/\\\/planet-ott.org\\\/#organization\"},\"potentialAction\":[{\"@type\":\"SearchAction\",\"target\":{\"@type\":\"EntryPoint\",\"urlTemplate\":\"https:\\\/\\\/planet-ott.org\\\/?s={search_term_string}\"},\"query-input\":{\"@type\":\"PropertyValueSpecification\",\"valueRequired\":true,\"valueName\":\"search_term_string\"}}],\"inLanguage\":\"fr-FR\"},{\"@type\":\"Organization\",\"@id\":\"https:\\\/\\\/planet-ott.org\\\/#organization\",\"name\":\"Planet-ott\",\"url\":\"https:\\\/\\\/planet-ott.org\\\/\",\"logo\":{\"@type\":\"ImageObject\",\"inLanguage\":\"fr-FR\",\"@id\":\"https:\\\/\\\/planet-ott.org\\\/#\\\/schema\\\/logo\\\/image\\\/\",\"url\":\"https:\\\/\\\/planet-ott.org\\\/wp-content\\\/uploads\\\/2023\\\/07\\\/Logo.png\",\"contentUrl\":\"https:\\\/\\\/planet-ott.org\\\/wp-content\\\/uploads\\\/2023\\\/07\\\/Logo.png\",\"width\":114,\"height\":114,\"caption\":\"Planet-ott\"},\"image\":{\"@id\":\"https:\\\/\\\/planet-ott.org\\\/#\\\/schema\\\/logo\\\/image\\\/\"}}]}<\/script>\n<!-- \/ Yoast SEO plugin. -->","yoast_head_json":{"title":"IPTV SUR Apple\/IOS - Planet-ott","robots":{"index":"index","follow":"follow","max-snippet":"max-snippet:-1","max-image-preview":"max-image-preview:large","max-video-preview":"max-video-preview:-1"},"canonical":"https:\/\/planet-ott.org\/index.php\/iptv-sur-apple-ios\/","og_locale":"fr_FR","og_type":"article","og_title":"IPTV SUR Apple\/IOS - Planet-ott","og_description":"Apple\/IOS \u00c9tape 1&nbsp;Commencez par t\u00e9l\u00e9charger l&rsquo;application IPTV Smarters depuis l&rsquo;Apple Store via cette URL :https:\/\/apps.apple.com\/in\/app\/smarters-player-lite\/id1628995509 ou vous pouvez le rechercher sur l&rsquo;App Store installez l&rsquo;application sur votre appareil IOS. \u00c9tape 2&nbsp;: Ouvrez l&rsquo;application une fois t\u00e9l\u00e9charg\u00e9e et entrez les d\u00e9tails de connexion. \u00c9tape 3&nbsp;Saisissez les donn\u00e9es de connexion que nous vous avons fournies apr\u00e8s avoir [&hellip;]","og_url":"https:\/\/planet-ott.org\/index.php\/iptv-sur-apple-ios\/","og_site_name":"Planet-ott","og_image":[{"url":"https:\/\/www.tvzland.com\/wp-content\/uploads\/2022\/07\/login-1024x473.png","type":"","width":"","height":""}],"twitter_card":"summary_large_image","twitter_misc":{"Dur\u00e9e de lecture estim\u00e9e":"2 minutes"},"schema":{"@context":"https:\/\/schema.org","@graph":[{"@type":"WebPage","@id":"https:\/\/planet-ott.org\/index.php\/iptv-sur-apple-ios\/","url":"https:\/\/planet-ott.org\/index.php\/iptv-sur-apple-ios\/","name":"IPTV SUR Apple\/IOS - Planet-ott","isPartOf":{"@id":"https:\/\/planet-ott.org\/#website"},"primaryImageOfPage":{"@id":"https:\/\/planet-ott.org\/index.php\/iptv-sur-apple-ios\/#primaryimage"},"image":{"@id":"https:\/\/planet-ott.org\/index.php\/iptv-sur-apple-ios\/#primaryimage"},"thumbnailUrl":"https:\/\/www.tvzland.com\/wp-content\/uploads\/2022\/07\/login-1024x473.png","datePublished":"2023-08-25T04:38:34+00:00","breadcrumb":{"@id":"https:\/\/planet-ott.org\/index.php\/iptv-sur-apple-ios\/#breadcrumb"},"inLanguage":"fr-FR","potentialAction":[{"@type":"ReadAction","target":["https:\/\/planet-ott.org\/index.php\/iptv-sur-apple-ios\/"]}]},{"@type":"ImageObject","inLanguage":"fr-FR","@id":"https:\/\/planet-ott.org\/index.php\/iptv-sur-apple-ios\/#primaryimage","url":"https:\/\/www.tvzland.com\/wp-content\/uploads\/2022\/07\/login-1024x473.png","contentUrl":"https:\/\/www.tvzland.com\/wp-content\/uploads\/2022\/07\/login-1024x473.png"},{"@type":"BreadcrumbList","@id":"https:\/\/planet-ott.org\/index.php\/iptv-sur-apple-ios\/#breadcrumb","itemListElement":[{"@type":"ListItem","position":1,"name":"Home","item":"https:\/\/planet-ott.org\/"},{"@type":"ListItem","position":2,"name":"IPTV SUR Apple\/IOS"}]},{"@type":"WebSite","@id":"https:\/\/planet-ott.org\/#website","url":"https:\/\/planet-ott.org\/","name":"Planet-ott","description":"Abonnement iptv","publisher":{"@id":"https:\/\/planet-ott.org\/#organization"},"potentialAction":[{"@type":"SearchAction","target":{"@type":"EntryPoint","urlTemplate":"https:\/\/planet-ott.org\/?s={search_term_string}"},"query-input":{"@type":"PropertyValueSpecification","valueRequired":true,"valueName":"search_term_string"}}],"inLanguage":"fr-FR"},{"@type":"Organization","@id":"https:\/\/planet-ott.org\/#organization","name":"Planet-ott","url":"https:\/\/planet-ott.org\/","logo":{"@type":"ImageObject","inLanguage":"fr-FR","@id":"https:\/\/planet-ott.org\/#\/schema\/logo\/image\/","url":"https:\/\/planet-ott.org\/wp-content\/uploads\/2023\/07\/Logo.png","contentUrl":"https:\/\/planet-ott.org\/wp-content\/uploads\/2023\/07\/Logo.png","width":114,"height":114,"caption":"Planet-ott"},"image":{"@id":"https:\/\/planet-ott.org\/#\/schema\/logo\/image\/"}}]}},"_links":{"self":[{"href":"https:\/\/planet-ott.org\/index.php\/wp-json\/wp\/v2\/pages\/1520","targetHints":{"allow":["GET"]}}],"collection":[{"href":"https:\/\/planet-ott.org\/index.php\/wp-json\/wp\/v2\/pages"}],"about":[{"href":"https:\/\/planet-ott.org\/index.php\/wp-json\/wp\/v2\/types\/page"}],"author":[{"embeddable":true,"href":"https:\/\/planet-ott.org\/index.php\/wp-json\/wp\/v2\/users\/1"}],"replies":[{"embeddable":true,"href":"https:\/\/planet-ott.org\/index.php\/wp-json\/wp\/v2\/comments?post=1520"}],"version-history":[{"count":1,"href":"https:\/\/planet-ott.org\/index.php\/wp-json\/wp\/v2\/pages\/1520\/revisions"}],"predecessor-version":[{"id":1521,"href":"https:\/\/planet-ott.org\/index.php\/wp-json\/wp\/v2\/pages\/1520\/revisions\/1521"}],"wp:attachment":[{"href":"https:\/\/planet-ott.org\/index.php\/wp-json\/wp\/v2\/media?parent=1520"}],"curies":[{"name":"wp","href":"https:\/\/api.w.org\/{rel}","templated":true}]}}