{"id":1583,"date":"2023-09-02T09:36:58","date_gmt":"2023-09-02T07:36:58","guid":{"rendered":"https:\/\/planet-ott.org\/?page_id=1583"},"modified":"2023-09-02T09:36:59","modified_gmt":"2023-09-02T07:36:59","slug":"tutoriel-comment-configurer-kodi-facilement","status":"publish","type":"page","link":"https:\/\/planet-ott.org\/index.php\/tutoriel-comment-configurer-kodi-facilement\/","title":{"rendered":"TUTORIEL \u2013 COMMENT CONFIGURER KODI FACILEMENT"},"content":{"rendered":"\n<figure class=\"wp-block-image aligncenter\"><img decoding=\"async\" src=\"https:\/\/maestroiptv.org\/wp-content\/uploads\/2023\/08\/kodi-1024x576-1.webp\" alt=\"\" class=\"wp-image-1476\"\/><\/figure>\n\n\n\n<p><br>Pour visionner notre grande Playlist de chaines et Vods directement sur votre application Kodi, c\u2019est tr\u00e8s simple, nous allons vous montrer comment y proc\u00e9der en 2minutes !<\/p>\n\n\n\n<p>Pour commencer, commandez votre lien de fichier m3u ici . Si vous h\u00e9sitez et vous souhaitez prendre un test de 48h pour essayer notre service passez par ici<\/p>\n\n\n\n<p>Vous avez entre les mains votre lien m3u, parfait! On commence notre tuto !<\/p>\n\n\n\n<p>Lancez votre application Kodi et cliquez sur TV comme sur la photo ci-dessous ::<\/p>\n\n\n\n<p>Un message apparait, vous demandant d\u2019installer le ADDON PVR iptv simple client, cliquez sur OK :<\/p>\n\n\n\n<p>Apr\u00e8s , cliquez sur le bouton \u201cENTER AD-DON BROWSER\u201d pour afficher la liste des Addons :<\/p>\n\n\n\n<p>Une liste des Addons apparait sur votre \u00e9cran, descendez un peu et cherchez \u2018PVR IPTV simple client\u2019 et cliquez dessus:<\/p>\n\n\n\n<p>La page de Addon apparait sur votre \u00e9cran, cliquez sur ENABLE pour activer l\u2019addon :<\/p>\n\n\n\n<p>Une fois notre addon activ\u00e9, on clique sur Configure :<\/p>\n\n\n\n<p>Sur la page des param\u00e8tres, on choisit sur la partie LOCATION =remote Path(internet address) cette option nous permettra de mettre le lien de notre fichier m3u (il est recommand\u00e9 de choisir Remote Path et non Local path pour recevoir les mises \u00e0 jours de la playlist automatiquement) :<\/p>\n\n\n\n<p>Apr\u00e8s, on clique sur \u201cm3u Play list URL\u201d pour mettre le lien de notre fichier m3u :<\/p>\n\n\n\n<p>Collez ou saisissez votre lien m3u :<\/p>\n\n\n\n<p>Apr\u00e8s il suffira de red\u00e9marrer Kodi et de lancer PVR pour profiter de votre abonnement .<\/p>\n\n\n\n<p>Notez que cette m\u00e9thode ne permettra pas d\u2019avoir l\u2019epg et les logos des chaines, pour cette avoir cette fonctionnalit\u00e9 il faut avoir un lien XML TV ou d\u2019installer le Addon Xtream-Codes IPTV plus d\u2019infos ici<\/p>\n","protected":false},"excerpt":{"rendered":"<p>Pour visionner notre grande Playlist de chaines et Vods directement sur votre application Kodi, c\u2019est tr\u00e8s simple, nous allons vous montrer comment y proc\u00e9der en 2minutes ! Pour commencer, commandez votre lien de fichier m3u ici . Si vous h\u00e9sitez et vous souhaitez prendre un test de 48h pour essayer notre service passez par ici [&hellip;]<\/p>\n","protected":false},"author":1,"featured_media":0,"parent":0,"menu_order":0,"comment_status":"closed","ping_status":"closed","template":"","meta":{"footnotes":""},"class_list":["post-1583","page","type-page","status-publish","hentry"],"blocksy_meta":[],"yoast_head":"<!-- This site is optimized with the Yoast SEO plugin v27.3 - https:\/\/yoast.com\/product\/yoast-seo-wordpress\/ -->\n<title>TUTORIEL \u2013 COMMENT CONFIGURER KODI FACILEMENT - Planet-ott<\/title>\n<meta name=\"robots\" content=\"index, follow, max-snippet:-1, max-image-preview:large, max-video-preview:-1\" \/>\n<link rel=\"canonical\" href=\"https:\/\/planet-ott.org\/index.php\/tutoriel-comment-configurer-kodi-facilement\/\" \/>\n<meta property=\"og:locale\" content=\"fr_FR\" \/>\n<meta property=\"og:type\" content=\"article\" \/>\n<meta property=\"og:title\" content=\"TUTORIEL \u2013 COMMENT CONFIGURER KODI FACILEMENT - Planet-ott\" \/>\n<meta property=\"og:description\" content=\"Pour visionner notre grande Playlist de chaines et Vods directement sur votre application Kodi, c\u2019est tr\u00e8s simple, nous allons vous montrer comment y proc\u00e9der en 2minutes ! Pour commencer, commandez votre lien de fichier m3u ici . Si vous h\u00e9sitez et vous souhaitez prendre un test de 48h pour essayer notre service passez par ici [&hellip;]\" \/>\n<meta property=\"og:url\" content=\"https:\/\/planet-ott.org\/index.php\/tutoriel-comment-configurer-kodi-facilement\/\" \/>\n<meta property=\"og:site_name\" content=\"Planet-ott\" \/>\n<meta property=\"article:modified_time\" content=\"2023-09-02T07:36:59+00:00\" \/>\n<meta property=\"og:image\" content=\"https:\/\/maestroiptv.org\/wp-content\/uploads\/2023\/08\/kodi-1024x576-1.webp\" \/>\n<meta name=\"twitter:card\" content=\"summary_large_image\" \/>\n<meta name=\"twitter:label1\" content=\"Dur\u00e9e de lecture estim\u00e9e\" \/>\n\t<meta name=\"twitter:data1\" content=\"2 minutes\" \/>\n<script type=\"application\/ld+json\" class=\"yoast-schema-graph\">{\"@context\":\"https:\\\/\\\/schema.org\",\"@graph\":[{\"@type\":\"WebPage\",\"@id\":\"https:\\\/\\\/planet-ott.org\\\/index.php\\\/tutoriel-comment-configurer-kodi-facilement\\\/\",\"url\":\"https:\\\/\\\/planet-ott.org\\\/index.php\\\/tutoriel-comment-configurer-kodi-facilement\\\/\",\"name\":\"TUTORIEL \u2013 COMMENT CONFIGURER KODI FACILEMENT - Planet-ott\",\"isPartOf\":{\"@id\":\"https:\\\/\\\/planet-ott.org\\\/#website\"},\"primaryImageOfPage\":{\"@id\":\"https:\\\/\\\/planet-ott.org\\\/index.php\\\/tutoriel-comment-configurer-kodi-facilement\\\/#primaryimage\"},\"image\":{\"@id\":\"https:\\\/\\\/planet-ott.org\\\/index.php\\\/tutoriel-comment-configurer-kodi-facilement\\\/#primaryimage\"},\"thumbnailUrl\":\"https:\\\/\\\/maestroiptv.org\\\/wp-content\\\/uploads\\\/2023\\\/08\\\/kodi-1024x576-1.webp\",\"datePublished\":\"2023-09-02T07:36:58+00:00\",\"dateModified\":\"2023-09-02T07:36:59+00:00\",\"breadcrumb\":{\"@id\":\"https:\\\/\\\/planet-ott.org\\\/index.php\\\/tutoriel-comment-configurer-kodi-facilement\\\/#breadcrumb\"},\"inLanguage\":\"fr-FR\",\"potentialAction\":[{\"@type\":\"ReadAction\",\"target\":[\"https:\\\/\\\/planet-ott.org\\\/index.php\\\/tutoriel-comment-configurer-kodi-facilement\\\/\"]}]},{\"@type\":\"ImageObject\",\"inLanguage\":\"fr-FR\",\"@id\":\"https:\\\/\\\/planet-ott.org\\\/index.php\\\/tutoriel-comment-configurer-kodi-facilement\\\/#primaryimage\",\"url\":\"https:\\\/\\\/maestroiptv.org\\\/wp-content\\\/uploads\\\/2023\\\/08\\\/kodi-1024x576-1.webp\",\"contentUrl\":\"https:\\\/\\\/maestroiptv.org\\\/wp-content\\\/uploads\\\/2023\\\/08\\\/kodi-1024x576-1.webp\"},{\"@type\":\"BreadcrumbList\",\"@id\":\"https:\\\/\\\/planet-ott.org\\\/index.php\\\/tutoriel-comment-configurer-kodi-facilement\\\/#breadcrumb\",\"itemListElement\":[{\"@type\":\"ListItem\",\"position\":1,\"name\":\"Home\",\"item\":\"https:\\\/\\\/planet-ott.org\\\/\"},{\"@type\":\"ListItem\",\"position\":2,\"name\":\"TUTORIEL \u2013 COMMENT CONFIGURER KODI FACILEMENT\"}]},{\"@type\":\"WebSite\",\"@id\":\"https:\\\/\\\/planet-ott.org\\\/#website\",\"url\":\"https:\\\/\\\/planet-ott.org\\\/\",\"name\":\"Planet-ott\",\"description\":\"Abonnement iptv\",\"publisher\":{\"@id\":\"https:\\\/\\\/planet-ott.org\\\/#organization\"},\"potentialAction\":[{\"@type\":\"SearchAction\",\"target\":{\"@type\":\"EntryPoint\",\"urlTemplate\":\"https:\\\/\\\/planet-ott.org\\\/?s={search_term_string}\"},\"query-input\":{\"@type\":\"PropertyValueSpecification\",\"valueRequired\":true,\"valueName\":\"search_term_string\"}}],\"inLanguage\":\"fr-FR\"},{\"@type\":\"Organization\",\"@id\":\"https:\\\/\\\/planet-ott.org\\\/#organization\",\"name\":\"Planet-ott\",\"url\":\"https:\\\/\\\/planet-ott.org\\\/\",\"logo\":{\"@type\":\"ImageObject\",\"inLanguage\":\"fr-FR\",\"@id\":\"https:\\\/\\\/planet-ott.org\\\/#\\\/schema\\\/logo\\\/image\\\/\",\"url\":\"https:\\\/\\\/planet-ott.org\\\/wp-content\\\/uploads\\\/2023\\\/07\\\/Logo.png\",\"contentUrl\":\"https:\\\/\\\/planet-ott.org\\\/wp-content\\\/uploads\\\/2023\\\/07\\\/Logo.png\",\"width\":114,\"height\":114,\"caption\":\"Planet-ott\"},\"image\":{\"@id\":\"https:\\\/\\\/planet-ott.org\\\/#\\\/schema\\\/logo\\\/image\\\/\"}}]}<\/script>\n<!-- \/ Yoast SEO plugin. -->","yoast_head_json":{"title":"TUTORIEL \u2013 COMMENT CONFIGURER KODI FACILEMENT - Planet-ott","robots":{"index":"index","follow":"follow","max-snippet":"max-snippet:-1","max-image-preview":"max-image-preview:large","max-video-preview":"max-video-preview:-1"},"canonical":"https:\/\/planet-ott.org\/index.php\/tutoriel-comment-configurer-kodi-facilement\/","og_locale":"fr_FR","og_type":"article","og_title":"TUTORIEL \u2013 COMMENT CONFIGURER KODI FACILEMENT - Planet-ott","og_description":"Pour visionner notre grande Playlist de chaines et Vods directement sur votre application Kodi, c\u2019est tr\u00e8s simple, nous allons vous montrer comment y proc\u00e9der en 2minutes ! Pour commencer, commandez votre lien de fichier m3u ici . Si vous h\u00e9sitez et vous souhaitez prendre un test de 48h pour essayer notre service passez par ici [&hellip;]","og_url":"https:\/\/planet-ott.org\/index.php\/tutoriel-comment-configurer-kodi-facilement\/","og_site_name":"Planet-ott","article_modified_time":"2023-09-02T07:36:59+00:00","og_image":[{"url":"https:\/\/maestroiptv.org\/wp-content\/uploads\/2023\/08\/kodi-1024x576-1.webp","type":"","width":"","height":""}],"twitter_card":"summary_large_image","twitter_misc":{"Dur\u00e9e de lecture estim\u00e9e":"2 minutes"},"schema":{"@context":"https:\/\/schema.org","@graph":[{"@type":"WebPage","@id":"https:\/\/planet-ott.org\/index.php\/tutoriel-comment-configurer-kodi-facilement\/","url":"https:\/\/planet-ott.org\/index.php\/tutoriel-comment-configurer-kodi-facilement\/","name":"TUTORIEL \u2013 COMMENT CONFIGURER KODI FACILEMENT - Planet-ott","isPartOf":{"@id":"https:\/\/planet-ott.org\/#website"},"primaryImageOfPage":{"@id":"https:\/\/planet-ott.org\/index.php\/tutoriel-comment-configurer-kodi-facilement\/#primaryimage"},"image":{"@id":"https:\/\/planet-ott.org\/index.php\/tutoriel-comment-configurer-kodi-facilement\/#primaryimage"},"thumbnailUrl":"https:\/\/maestroiptv.org\/wp-content\/uploads\/2023\/08\/kodi-1024x576-1.webp","datePublished":"2023-09-02T07:36:58+00:00","dateModified":"2023-09-02T07:36:59+00:00","breadcrumb":{"@id":"https:\/\/planet-ott.org\/index.php\/tutoriel-comment-configurer-kodi-facilement\/#breadcrumb"},"inLanguage":"fr-FR","potentialAction":[{"@type":"ReadAction","target":["https:\/\/planet-ott.org\/index.php\/tutoriel-comment-configurer-kodi-facilement\/"]}]},{"@type":"ImageObject","inLanguage":"fr-FR","@id":"https:\/\/planet-ott.org\/index.php\/tutoriel-comment-configurer-kodi-facilement\/#primaryimage","url":"https:\/\/maestroiptv.org\/wp-content\/uploads\/2023\/08\/kodi-1024x576-1.webp","contentUrl":"https:\/\/maestroiptv.org\/wp-content\/uploads\/2023\/08\/kodi-1024x576-1.webp"},{"@type":"BreadcrumbList","@id":"https:\/\/planet-ott.org\/index.php\/tutoriel-comment-configurer-kodi-facilement\/#breadcrumb","itemListElement":[{"@type":"ListItem","position":1,"name":"Home","item":"https:\/\/planet-ott.org\/"},{"@type":"ListItem","position":2,"name":"TUTORIEL \u2013 COMMENT CONFIGURER KODI FACILEMENT"}]},{"@type":"WebSite","@id":"https:\/\/planet-ott.org\/#website","url":"https:\/\/planet-ott.org\/","name":"Planet-ott","description":"Abonnement iptv","publisher":{"@id":"https:\/\/planet-ott.org\/#organization"},"potentialAction":[{"@type":"SearchAction","target":{"@type":"EntryPoint","urlTemplate":"https:\/\/planet-ott.org\/?s={search_term_string}"},"query-input":{"@type":"PropertyValueSpecification","valueRequired":true,"valueName":"search_term_string"}}],"inLanguage":"fr-FR"},{"@type":"Organization","@id":"https:\/\/planet-ott.org\/#organization","name":"Planet-ott","url":"https:\/\/planet-ott.org\/","logo":{"@type":"ImageObject","inLanguage":"fr-FR","@id":"https:\/\/planet-ott.org\/#\/schema\/logo\/image\/","url":"https:\/\/planet-ott.org\/wp-content\/uploads\/2023\/07\/Logo.png","contentUrl":"https:\/\/planet-ott.org\/wp-content\/uploads\/2023\/07\/Logo.png","width":114,"height":114,"caption":"Planet-ott"},"image":{"@id":"https:\/\/planet-ott.org\/#\/schema\/logo\/image\/"}}]}},"_links":{"self":[{"href":"https:\/\/planet-ott.org\/index.php\/wp-json\/wp\/v2\/pages\/1583","targetHints":{"allow":["GET"]}}],"collection":[{"href":"https:\/\/planet-ott.org\/index.php\/wp-json\/wp\/v2\/pages"}],"about":[{"href":"https:\/\/planet-ott.org\/index.php\/wp-json\/wp\/v2\/types\/page"}],"author":[{"embeddable":true,"href":"https:\/\/planet-ott.org\/index.php\/wp-json\/wp\/v2\/users\/1"}],"replies":[{"embeddable":true,"href":"https:\/\/planet-ott.org\/index.php\/wp-json\/wp\/v2\/comments?post=1583"}],"version-history":[{"count":1,"href":"https:\/\/planet-ott.org\/index.php\/wp-json\/wp\/v2\/pages\/1583\/revisions"}],"predecessor-version":[{"id":1584,"href":"https:\/\/planet-ott.org\/index.php\/wp-json\/wp\/v2\/pages\/1583\/revisions\/1584"}],"wp:attachment":[{"href":"https:\/\/planet-ott.org\/index.php\/wp-json\/wp\/v2\/media?parent=1583"}],"curies":[{"name":"wp","href":"https:\/\/api.w.org\/{rel}","templated":true}]}}